{"id":1295,"date":"2020-02-02T10:41:22","date_gmt":"2020-02-02T09:41:22","guid":{"rendered":"http:\/\/ateliersophro.com\/?page_id=1295"},"modified":"2022-08-18T21:43:26","modified_gmt":"2022-08-18T19:43:26","slug":"formations-qvt","status":"publish","type":"page","link":"https:\/\/www.ateliersophro.com\/index.php\/formations-qvt\/","title":{"rendered":"Formations en entreprises QVT"},"content":{"rendered":"\n<div class=\"wp-block-image\"><figure class=\"aligncenter size-full\"><img fetchpriority=\"high\" decoding=\"async\" width=\"707\" height=\"1000\" src=\"http:\/\/ateliersophro.com\/wp-content\/uploads\/2022\/08\/IMG_2186.png\" alt=\"\" class=\"wp-image-2848\" srcset=\"https:\/\/www.ateliersophro.com\/wp-content\/uploads\/2022\/08\/IMG_2186.png 707w, https:\/\/www.ateliersophro.com\/wp-content\/uploads\/2022\/08\/IMG_2186-212x300.png 212w, https:\/\/www.ateliersophro.com\/wp-content\/uploads\/2022\/08\/IMG_2186-17x24.png 17w, https:\/\/www.ateliersophro.com\/wp-content\/uploads\/2022\/08\/IMG_2186-25x36.png 25w, https:\/\/www.ateliersophro.com\/wp-content\/uploads\/2022\/08\/IMG_2186-34x48.png 34w\" sizes=\"(max-width: 707px) 100vw, 707px\" \/><\/figure><\/div>\n\n\n<h3>Les Ateliers de sophrologie lancent les formations \u00ab\u00a0Bien-\u00eatre au travail\u00a0\u00bb<\/h3>\n<p><\/p>\n<p>Afin d&rsquo;accompagner les entreprises dans leur plan d\u2019action pour pr\u00e9venir les risques psychosociaux et les troubles musculo-squelettiques, mieux pr\u00e9venir la souffrance au travail ou savoir y r\u00e9pondre, voici plusieurs solutions :<\/p>\n<ul>\n<li><strong>La mise en place d&rsquo;ateliers de sophrologie ponctuels ou r\u00e9guliers<\/strong> dans une d\u00e9marche de pr\u00e9vention ou pour s&rsquo;atteler \u00e0 une probl\u00e9matique que vous avez identifi\u00e9e : gestion du stress, horaires d\u00e9cal\u00e9s, transitions dans l&rsquo;entreprise, probl\u00e8mes de concentration ou de confiance en soi etc..<\/li>\n<li><strong>Des formations th\u00e9matiques d&rsquo;une journ\u00e9e<\/strong> s&rsquo;appuyant sur des techniques telles que la sophrologie mais aussi la m\u00e9ditation, la PNL (Programmation Neuro Linguistique), la Communication Non Violente pour aborder en profondeur une probl\u00e9matique rencontr\u00e9e par les salari\u00e9s, managers et RH.<\/li>\n<li><strong>Les ateliers et les formations peuvent se faire en pr\u00e9sentiel ou \u00e0 distance&nbsp;<\/strong><\/li>\n<\/ul>\n<p style=\"padding-left: 30px;\"><strong>En savoir plus&nbsp; :<\/strong><\/p>\n<blockquote>\n<ul>\n<li><a href=\"http:\/\/ateliersophro.com\/index.php\/2018\/05\/09\/les-ateliers-en-entreprises-2\/\">Ateliers de sophrologie en entreprises, ponctuels ou r\u00e9currents&nbsp;<\/a><\/li>\n<li style=\"text-align: left;\"><a href=\"http:\/\/ateliersophro.com\/index.php\/formations-qvt\/optimiser-sa-concentration\/\">Formation : Optimiser sa concentration<\/a><\/li>\n<li style=\"text-align: left;\"><a href=\"http:\/\/ateliersophro.com\/index.php\/formations-qvt\/gerer-son-stress-durablement\/\">Formation : G\u00e9rer son stress durablement<\/a><\/li>\n<li style=\"text-align: left;\"><a href=\"http:\/\/ateliersophro.com\/index.php\/formations-qvt\/developper-sa-confiance-en-soi\/\">Formation : D\u00e9velopper sa confiance en soi<\/a><\/li>\n<\/ul>\n<p><strong><em>NB : \u00ab\u00a0Les Ateliers de Sophrologie\u00a0\u00bb est organisme de formations Datadock<\/em><\/strong><\/p>\n<p><\/p>\n<\/blockquote>","protected":false},"excerpt":{"rendered":"<p>Les Ateliers de sophrologie lancent les formations \u00ab\u00a0Bien-\u00eatre au travail\u00a0\u00bb Afin d&rsquo;accompagner les entreprises dans leur plan d\u2019action pour pr\u00e9venir les risques psychosociaux et les troubles musculo-squelettiques, mieux pr\u00e9venir la souffrance au travail ou savoir y r\u00e9pondre, voici plusieurs solutions : La mise en place d&rsquo;ateliers de sophrologie ponctuels ou r\u00e9guliers dans une d\u00e9marche de [&hellip;]<\/p>\n","protected":false},"author":1,"featured_media":0,"parent":0,"menu_order":0,"comment_status":"closed","ping_status":"closed","template":"","meta":{"om_disable_all_campaigns":false,"footnotes":""},"class_list":["post-1295","page","type-page","status-publish","hentry"],"aioseo_notices":[],"_links":{"self":[{"href":"https:\/\/www.ateliersophro.com\/index.php\/wp-json\/wp\/v2\/pages\/1295","targetHints":{"allow":["GET"]}}],"collection":[{"href":"https:\/\/www.ateliersophro.com\/index.php\/wp-json\/wp\/v2\/pages"}],"about":[{"href":"https:\/\/www.ateliersophro.com\/index.php\/wp-json\/wp\/v2\/types\/page"}],"author":[{"embeddable":true,"href":"https:\/\/www.ateliersophro.com\/index.php\/wp-json\/wp\/v2\/users\/1"}],"replies":[{"embeddable":true,"href":"https:\/\/www.ateliersophro.com\/index.php\/wp-json\/wp\/v2\/comments?post=1295"}],"version-history":[{"count":8,"href":"https:\/\/www.ateliersophro.com\/index.php\/wp-json\/wp\/v2\/pages\/1295\/revisions"}],"predecessor-version":[{"id":2849,"href":"https:\/\/www.ateliersophro.com\/index.php\/wp-json\/wp\/v2\/pages\/1295\/revisions\/2849"}],"wp:attachment":[{"href":"https:\/\/www.ateliersophro.com\/index.php\/wp-json\/wp\/v2\/media?parent=1295"}],"curies":[{"name":"wp","href":"https:\/\/api.w.org\/{rel}","templated":true}]}}