{"id":2199,"date":"2021-04-04T19:34:20","date_gmt":"2021-04-04T17:34:20","guid":{"rendered":"http:\/\/ateliersophro.com\/?page_id=2199"},"modified":"2025-11-02T08:20:26","modified_gmt":"2025-11-02T07:20:26","slug":"a-propos-de-caroline-jolivet","status":"publish","type":"page","link":"https:\/\/www.ateliersophro.com\/index.php\/a-propos-de-caroline-jolivet\/","title":{"rendered":"\u00c0 propos de"},"content":{"rendered":"\n<p><img decoding=\"async\" src=\"http:\/\/ateliersophro.com\/wp-content\/uploads\/2021\/04\/100475926_10158835976766178_6959959189946892288_n.jpg\" sizes=\"(max-width: 194px) 100vw, 194px\" srcset=\"http:\/\/ateliersophro.com\/wp-content\/uploads\/2021\/04\/100475926_10158835976766178_6959959189946892288_n.jpg 957w, http:\/\/ateliersophro.com\/wp-content\/uploads\/2021\/04\/100475926_10158835976766178_6959959189946892288_n-300x300.jpg 300w, http:\/\/ateliersophro.com\/wp-content\/uploads\/2021\/04\/100475926_10158835976766178_6959959189946892288_n-150x150.jpg 150w, http:\/\/ateliersophro.com\/wp-content\/uploads\/2021\/04\/100475926_10158835976766178_6959959189946892288_n-768x769.jpg 768w, http:\/\/ateliersophro.com\/wp-content\/uploads\/2021\/04\/100475926_10158835976766178_6959959189946892288_n-45x45.jpg 45w\" alt=\"\" width=\"194\" height=\"194\">Sophrologue RNCP, hypnoth\u00e9rapeute, je suis sp\u00e9cialis\u00e9e dans l&rsquo;accompagnement du stress, de l&rsquo;anxi\u00e9t\u00e9 et en particulier du deuil et du trauma.<\/p>\n\n\n\n<p>Apr\u00e8s 15 ans dans l&rsquo;univers de la cr\u00e9ation num\u00e9rique et dans la presse, j&rsquo;ai d\u00e9cid\u00e9 d&#8217;embrasser une nouvelle orientation professionnelle tourn\u00e9e vers le mieux-\u00eatre et le d\u00e9veloppement personnel.<\/p>\n\n\n\n<p>En 2016, la sophrologie a \u00e9t\u00e9 pour moi une v\u00e9ritable d\u00e9couverte : une m\u00e9thode simple \u00e0 adopter qui peut modifier consid\u00e9rablement le quotidien et permettre d&rsquo;atteindre ses objectifs en toute s\u00e9r\u00e9nit\u00e9. L&rsquo;hypnose et les mouvements oculaires permettent de travailler sur les traumatismes et l&rsquo;origine de nos freins ou souffrances.<\/p>\n\n\n\n<p>Je vous re\u00e7ois au 110, rue de Colombes 92400 Courbevoie en s\u00e9ances individuelles.<\/p>\n\n\n\n<p><i>Caroline Jolivet<\/i><\/p>\n\n\n\n<style type=\"text\/css\">.maxbutton-1.maxbutton.maxbutton-prendre-rendez-vous{position:relative;text-decoration:none;display:inline-block;vertical-align:middle;width:160px;height:56px;border:2px solid #1b2ac6;border-radius:4px 4px 4px 4px;background-color:#1322c6;-webkit-box-shadow:0px 0px 2px 0px #333333;-moz-box-shadow:0px 0px 2px 0px #333333;box-shadow:0px 0px 2px 0px #333333}.maxbutton-1.maxbutton.maxbutton-prendre-rendez-vous:hover{border-color:#1d20e0;background-color:white;-webkit-box-shadow:0px 0px 2px 0px #333333;-moz-box-shadow:0px 0px 2px 0px #333333;box-shadow:0px 0px 2px 0px #333333}.maxbutton-1.maxbutton.maxbutton-prendre-rendez-vous .mb-text{color:#ffffff;font-family:Trebuchet MS;font-size:15px;text-align:center;font-style:normal;font-weight:normal;line-height:1em;box-sizing:border-box;display:block;background-color:unset;padding:18px 0px 5px 0px}.maxbutton-1.maxbutton.maxbutton-prendre-rendez-vous:hover .mb-text{color:#1e73be}@media only screen and (min-width:0px) and (max-width:480px){.maxbutton-1.maxbutton.maxbutton-prendre-rendez-vous{width:90%}.maxbutton-1.maxbutton.maxbutton-prendre-rendez-vous .mb-text{font-size:12px}}<\/style>\n\n\n\n<p><a href=\"https:\/\/perfactive.fr\/sophrologue-et-praticienne-en-hypnose\/courbevoie\/caroline-jolivet\" target=\"_blank\" rel=\"noopener\">PRENDRE RENDEZ-VOUS<\/a><\/p>\n\n\n\n<h4 class=\"wp-block-heading\">Formations \/ Sp\u00e9cialisations (entre 2016 et aujourd&rsquo;hui)<\/h4>\n\n\n\n<p>\u00a9Th\u00e9rapie de reconsolidation Alain Brunet &#8211; Bruxelles (Trauma)<\/p>\n\n\n\n<p><em>Titre hypnologue &#8211; <a href=\"https:\/\/www.sophrenzen.com\/\" target=\"_blank\" rel=\"noopener\">Sophrenzen<\/a><\/em><\/p>\n\n\n\n<p><em>Sp\u00e9cialisation Traumas &amp; Hypnose &#8211; AFHN<\/em><em>Sp\u00e9cialisation gestion de la douleur et hypnose &#8211; <a href=\"https:\/\/www.sophrenzen.com\/\" target=\"_blank\" rel=\"noopener\">Sophrenzen<\/a><br>\n<\/em><em>Accompagnement au deuil &#8211; Empreintes<\/em><em>Sp\u00e9cialisation hypnose et poids &#8211; <a href=\"https:\/\/www.sophrenzen.com\/\" target=\"_blank\" rel=\"noopener\">Sophrenzen<\/a><\/em><em>Lib\u00e9ration des traumatismes par mouvements oculaires (issu EMDR) &#8211; Elisabeth Couzon<\/em><em>Instructeur d&rsquo;auto-hypnose &#8211; <a href=\"https:\/\/www.sophrenzen.com\/\" target=\"_blank\" rel=\"noopener\">Sophrenzen<\/a><\/em><em>Formation Hypnose et enfants &#8211; <a href=\"https:\/\/www.sophrenzen.com\/\" target=\"_blank\" rel=\"noopener\">Sophrenzen<\/a><\/em><em>Dipl\u00f4me de praticien en hypnose Ericksonienne &#8211; <a href=\"https:\/\/www.sophrenzen.com\/\" target=\"_blank\" rel=\"noopener\">Sophrenzen<\/a><\/em><em>Sophrologie RNCP &#8211; Institut de Formation \u00e0 la Sophrologie (IFS)<\/em><em>Formation en sophrologie &#8211; Institut de Formation \u00e0 la Sophrologie (IFS)<\/em><em>&nbsp;Dipl\u00f4me de Yoga pour enfants &#8211; Julie Portenguen<\/em><em>Instructeur PEACE de m\u00e9ditation dans l&rsquo;enseignement &#8211; A.M.E.<\/em><\/p>\n\n\n\n<hr class=\"wp-block-separator has-alpha-channel-opacity\"\/>\n\n\n\n<p><em>2001 &#8211; 2016 Conception, r\u00e9daction, responsable num\u00e9rique<\/em><\/p>\n\n\n\n<p><em>2001 DESS Conseil \u00e9ditorial (Paris IV Sorbonne)<\/em><\/p>\n\n\n\n<p><em>2000 Ma\u00eetrise d&rsquo;Information-Communication (Paris X)<\/em><\/p>\n\n\n\n<p><em>1999 Ma\u00eetrise d&rsquo;Anglais (Paris X)<\/em><\/p>\n\n\n\n<p><em>1998 Deug Communication &amp; Journalisme &#8211; CELSA<\/em><\/p>\n\n\n\n<hr class=\"wp-block-separator has-alpha-channel-opacity\"\/>\n\n\n\n<p><em>Autrice : <\/em><\/p>\n\n\n\n<ul class=\"wp-block-list\">\n<li><em>\u00ab\u00a0Un Gi fran\u00e7ais \u00e0 Omaha Beach\u00a0\u00bb \u00e9dition Ouest France, 2012 et OREP Editions 2024<\/em><\/li>\n\n\n\n<li><em>\u00ab\u00a0A French GI at Omaha Beach\u00a0\u00bb Pen &amp; Swords, 2018, <\/em><\/li>\n\n\n\n<li><em>\u00ab\u00a0R\u00e9pare mon coeur\u00a0\u00bb \u00e9dition Les Ateliers de sophrologie, 2021<\/em><\/li>\n\n\n\n<li><em>\u00ab\u00a0Petite Coccinelle et la valise du sommeil\u00a0\u00bb, \u00e9dition Les Ateliers de sophrologie, 2022<\/em><\/li>\n\n\n\n<li><em>\u00ab\u00a0Fix My Heart, Mom\u00a0\u00bb, \u00e9idtion LADS, Decembre 2022<\/em><\/li>\n\n\n\n<li><em>\u00ab\u00a0Le Train de mes pens\u00e9es\u00a0\u00bb, d\u00e9cembre 2022<\/em><\/li>\n\n\n\n<li>\u00ab\u00a0La m\u00e9t\u00e9orite\u00a0\u00bb, novembre 2025<\/li>\n\n\n\n<li>\u00ab\u00a0Mon r\u00e9servoir de confiance\u00a0\u00bb octobre 2025<\/li>\n\n\n\n<li>\u00ab\u00a0Ma Playlist des \u00e9motions\u00a0\u00bb octobre 2025<\/li>\n<\/ul>\n","protected":false},"excerpt":{"rendered":"<p>Sophrologue RNCP, hypnoth\u00e9rapeute, je suis sp\u00e9cialis\u00e9e dans l&rsquo;accompagnement du stress, de l&rsquo;anxi\u00e9t\u00e9 et en particulier du deuil et du trauma. Apr\u00e8s 15 ans dans l&rsquo;univers de la cr\u00e9ation num\u00e9rique et dans la presse, j&rsquo;ai d\u00e9cid\u00e9 d&#8217;embrasser une nouvelle orientation professionnelle tourn\u00e9e vers le mieux-\u00eatre et le d\u00e9veloppement personnel. En 2016, la sophrologie a \u00e9t\u00e9 pour [&hellip;]<\/p>\n","protected":false},"author":1,"featured_media":3847,"parent":0,"menu_order":0,"comment_status":"closed","ping_status":"closed","template":"","meta":{"om_disable_all_campaigns":false,"footnotes":""},"class_list":["post-2199","page","type-page","status-publish","has-post-thumbnail","hentry"],"aioseo_notices":[],"_links":{"self":[{"href":"https:\/\/www.ateliersophro.com\/index.php\/wp-json\/wp\/v2\/pages\/2199","targetHints":{"allow":["GET"]}}],"collection":[{"href":"https:\/\/www.ateliersophro.com\/index.php\/wp-json\/wp\/v2\/pages"}],"about":[{"href":"https:\/\/www.ateliersophro.com\/index.php\/wp-json\/wp\/v2\/types\/page"}],"author":[{"embeddable":true,"href":"https:\/\/www.ateliersophro.com\/index.php\/wp-json\/wp\/v2\/users\/1"}],"replies":[{"embeddable":true,"href":"https:\/\/www.ateliersophro.com\/index.php\/wp-json\/wp\/v2\/comments?post=2199"}],"version-history":[{"count":20,"href":"https:\/\/www.ateliersophro.com\/index.php\/wp-json\/wp\/v2\/pages\/2199\/revisions"}],"predecessor-version":[{"id":4697,"href":"https:\/\/www.ateliersophro.com\/index.php\/wp-json\/wp\/v2\/pages\/2199\/revisions\/4697"}],"wp:featuredmedia":[{"embeddable":true,"href":"https:\/\/www.ateliersophro.com\/index.php\/wp-json\/wp\/v2\/media\/3847"}],"wp:attachment":[{"href":"https:\/\/www.ateliersophro.com\/index.php\/wp-json\/wp\/v2\/media?parent=2199"}],"curies":[{"name":"wp","href":"https:\/\/api.w.org\/{rel}","templated":true}]}}

À propos de

<p><img decoding="async" src="http://ateliersophro.com/wp-content/uploads/2021/04/100475926_10158835976766178_6959959189946892288_n.jpg" sizes="(max-width: 194px) 100vw, 194px" srcset="http://ateliersophro.com/wp-content/uploads/2021/04/100475926_10158835976766178_6959959189946892288_n.jpg 957w, http://ateliersophro.com/wp-content/uploads/2021/04/100475926_10158835976766178_6959959189946892288_n-300x300.jpg 300w, http://ateliersophro.com/wp-content/uploads/2021/04/100475926_10158835976766178_6959959189946892288_n-150x150.jpg 150w, http://ateliersophro.com/wp-content/uploads/2021/04/100475926_10158835976766178_6959959189946892288_n-768x769.jpg 768w, http://ateliersophro.com/wp-content/uploads/2021/04/100475926_10158835976766178_6959959189946892288_n-45x45.jpg 45w" alt="" width="194" height="194">Sophrologue RNCP, hypnothérapeute, je suis spécialisée dans l&rsquo;accompagnement du stress, de l&rsquo;anxiété et en particulier du deuil et du trauma.</p>



<p>Après 15 ans dans l&rsquo;univers de la création numérique et dans la presse, j&rsquo;ai décidé d&#8217;embrasser une nouvelle orientation professionnelle tournée vers le mieux-être et le développement personnel.</p>



<p>En 2016, la sophrologie a été pour moi une véritable découverte : une méthode simple à adopter qui peut modifier considérablement le quotidien et permettre d&rsquo;atteindre ses objectifs en toute sérénité. L&rsquo;hypnose et les mouvements oculaires permettent de travailler sur les traumatismes et l&rsquo;origine de nos freins ou souffrances.</p>



<p>Je vous reçois au 110, rue de Colombes 92400 Courbevoie en séances individuelles.</p>



<p><i>Caroline Jolivet</i></p>



<style type="text/css">.maxbutton-1.maxbutton.maxbutton-prendre-rendez-vous{position:relative;text-decoration:none;display:inline-block;vertical-align:middle;width:160px;height:56px;border:2px solid #1b2ac6;border-radius:4px 4px 4px 4px;background-color:#1322c6;-webkit-box-shadow:0px 0px 2px 0px #333333;-moz-box-shadow:0px 0px 2px 0px #333333;box-shadow:0px 0px 2px 0px #333333}.maxbutton-1.maxbutton.maxbutton-prendre-rendez-vous:hover{border-color:#1d20e0;background-color:white;-webkit-box-shadow:0px 0px 2px 0px #333333;-moz-box-shadow:0px 0px 2px 0px #333333;box-shadow:0px 0px 2px 0px #333333}.maxbutton-1.maxbutton.maxbutton-prendre-rendez-vous .mb-text{color:#ffffff;font-family:Trebuchet MS;font-size:15px;text-align:center;font-style:normal;font-weight:normal;line-height:1em;box-sizing:border-box;display:block;background-color:unset;padding:18px 0px 5px 0px}.maxbutton-1.maxbutton.maxbutton-prendre-rendez-vous:hover .mb-text{color:#1e73be}@media only screen and (min-width:0px) and (max-width:480px){.maxbutton-1.maxbutton.maxbutton-prendre-rendez-vous{width:90%}.maxbutton-1.maxbutton.maxbutton-prendre-rendez-vous .mb-text{font-size:12px}}</style>



<p><a href="https://perfactive.fr/sophrologue-et-praticienne-en-hypnose/courbevoie/caroline-jolivet" target="_blank" rel="noopener">PRENDRE RENDEZ-VOUS</a></p>



<h4 class="wp-block-heading">Formations / Spécialisations (entre 2016 et aujourd&rsquo;hui)</h4>



<p>©Thérapie de reconsolidation Alain Brunet &#8211; Bruxelles (Trauma)</p>



<p><em>Titre hypnologue &#8211; <a href="https://www.sophrenzen.com/" target="_blank" rel="noopener">Sophrenzen</a></em></p>



<p><em>Spécialisation Traumas &amp; Hypnose &#8211; AFHN</em><em>Spécialisation gestion de la douleur et hypnose &#8211; <a href="https://www.sophrenzen.com/" target="_blank" rel="noopener">Sophrenzen</a><br>
</em><em>Accompagnement au deuil &#8211; Empreintes</em><em>Spécialisation hypnose et poids &#8211; <a href="https://www.sophrenzen.com/" target="_blank" rel="noopener">Sophrenzen</a></em><em>Libération des traumatismes par mouvements oculaires (issu EMDR) &#8211; Elisabeth Couzon</em><em>Instructeur d&rsquo;auto-hypnose &#8211; <a href="https://www.sophrenzen.com/" target="_blank" rel="noopener">Sophrenzen</a></em><em>Formation Hypnose et enfants &#8211; <a href="https://www.sophrenzen.com/" target="_blank" rel="noopener">Sophrenzen</a></em><em>Diplôme de praticien en hypnose Ericksonienne &#8211; <a href="https://www.sophrenzen.com/" target="_blank" rel="noopener">Sophrenzen</a></em><em>Sophrologie RNCP &#8211; Institut de Formation à la Sophrologie (IFS)</em><em>Formation en sophrologie &#8211; Institut de Formation à la Sophrologie (IFS)</em><em>&nbsp;Diplôme de Yoga pour enfants &#8211; Julie Portenguen</em><em>Instructeur PEACE de méditation dans l&rsquo;enseignement &#8211; A.M.E.</em></p>



<hr class="wp-block-separator has-alpha-channel-opacity"/>



<p><em>2001 &#8211; 2016 Conception, rédaction, responsable numérique</em></p>



<p><em>2001 DESS Conseil éditorial (Paris IV Sorbonne)</em></p>



<p><em>2000 Maîtrise d&rsquo;Information-Communication (Paris X)</em></p>



<p><em>1999 Maîtrise d&rsquo;Anglais (Paris X)</em></p>



<p><em>1998 Deug Communication &amp; Journalisme &#8211; CELSA</em></p>



<hr class="wp-block-separator has-alpha-channel-opacity"/>



<p><em>Autrice : </em></p>



<ul class="wp-block-list">
<li><em>« Un Gi français à Omaha Beach » édition Ouest France, 2012 et OREP Editions 2024</em></li>



<li><em>« A French GI at Omaha Beach » Pen &amp; Swords, 2018, </em></li>



<li><em>« Répare mon coeur » édition Les Ateliers de sophrologie, 2021</em></li>



<li><em>« Petite Coccinelle et la valise du sommeil », édition Les Ateliers de sophrologie, 2022</em></li>



<li><em>« Fix My Heart, Mom », éidtion LADS, Decembre 2022</em></li>



<li><em>« Le Train de mes pensées », décembre 2022</em></li>



<li>« La météorite », novembre 2025</li>



<li>« Mon réservoir de confiance » octobre 2025</li>



<li>« Ma Playlist des émotions » octobre 2025</li>
</ul>

<p>Sophrologue RNCP, hypnothérapeute, je suis spécialisée dans l&rsquo;accompagnement du stress, de l&rsquo;anxiété et en particulier du deuil et du trauma. Après 15 ans dans l&rsquo;univers de la création numérique et dans la presse, j&rsquo;ai décidé d&#8217;embrasser une nouvelle orientation professionnelle tournée vers le mieux-être et le développement personnel. En 2016, la sophrologie a été pour [&hellip;]</p>
