{"id":386,"date":"2018-09-08T16:11:44","date_gmt":"2018-09-08T14:11:44","guid":{"rendered":"http:\/\/ateliersophro.com\/?page_id=386"},"modified":"2023-07-16T15:20:43","modified_gmt":"2023-07-16T13:20:43","slug":"tarifs","status":"publish","type":"page","link":"https:\/\/www.ateliersophro.com\/index.php\/tarifs\/","title":{"rendered":"Tarifs"},"content":{"rendered":"<h4><strong>S\u00e9ances individuelles (nouveaux tarifs appliqu\u00e9s \u00e0 partir du 1er septembre 2023)<\/strong><\/h4>\n<strong>Sophrologie<\/strong>\n\n<!-- \/wp:post-content -->\n\n<!-- wp:list -->\n<ul>\n \t<li>Premi\u00e8re s\u00e9ance de sophrologie : 80 euros (1h)<\/li>\n \t<li>Consultation de suivi &#8211; Adultes : 80 euros (50 min)<\/li>\n \t<li>Consultation de suivi &#8211; Enfants\/Ados (de -15 ans): 70 euros (45 minutes environ)<\/li>\n<\/ul>\n<strong>Hypnose<\/strong>\n<ul>\n \t<li>Premi\u00e8re s\u00e9ance d&rsquo;hypnose : 100 euros (1h30)<\/li>\n \t<li>Consultation de suivi : 90 euros (1 heure 15).<\/li>\n \t<li>S\u00e9ance Enfants\/Ados -de 15 ans : 80 euros (1 heure environ)<\/li>\n<\/ul>\n<strong>\u00a0Traitement des traumatismes par mouvements oculaires (issu EMDR)<\/strong>\n<ul>\n \t<li>Premi\u00e8re consultation Mouvements oculaires (issu EMDR) : 100 euros (1h15)<\/li>\n \t<li>Consultation de suivi Ados \/ Adultes : 80 euros (1 heure)<\/li>\n<\/ul>\n<h4><strong>S\u00e9ances \u00e0 domicile<\/strong><\/h4>\nUniquement dans le secteur du cabinet (La Garenne-Colombes et Courbevoie) : entre 80 et 120 euros, prise de rendez-vous par t\u00e9l\u00e9phone 0650743100\n\n<!-- \/wp:list -->\n\n<!-- wp:heading {\"level\":4} -->\n\n<!-- \/wp:heading -->\n\n<!-- wp:list -->\n\n<!-- \/wp:list -->\n\n<!-- wp:paragraph -->\n\n<!-- \/wp:paragraph -->\n\n<!-- wp:paragraph -->\n<h4 id=\"mce_6\">Formations Bien-\u00eatre au travail et formations pour th\u00e9rapeutes<\/h4>\n<ul>\n \t<li>Entreprise : Devis sur demande<\/li>\n<\/ul>\n<em>Les s\u00e9ances de sophrologie ne sont pas prises en charge par la s\u00e9curit\u00e9 sociale mais de nombreuses mutuelles prennent en charge une partie des s\u00e9ances. Renseignez-vous aupr\u00e8s de la v\u00f4tre.<\/em>\n\n<!-- \/wp:paragraph -->\n\n<!-- wp:paragraph -->\n\n<em>Paiement ch\u00e8que, CB ou esp\u00e8ces.<\/em>\n\n<a class=\"maxbutton-1 maxbutton maxbutton-prendre-rendez-vous\" href=\"https:\/\/perfactive.fr\/sophrologue-et-praticienne-en-hypnose\/courbevoie\/caroline-jolivet\" target=\"_blank\" rel=\"noopener\"><span class='mb-text'>PRENDRE RENDEZ-VOUS<\/span><\/a>\u00a0<a class=\"maxbutton-1 maxbutton maxbutton-prendre-rendez-vous\" href=\"http:\/\/ateliersophro.com\/index.php\/contact-2\/\"><span class='mb-text'>CONTACT<\/span><\/a>\n\n<!-- \/wp:paragraph -->\n\n<!-- wp:block {\"ref\":653} \/-->","protected":false},"excerpt":{"rendered":"<p>S\u00e9ances individuelles (nouveaux tarifs appliqu\u00e9s \u00e0 partir du 1er septembre 2023) Sophrologie Premi\u00e8re s\u00e9ance de sophrologie : 80 euros (1h) Consultation de suivi &#8211; Adultes : 80 euros (50 min) Consultation de suivi &#8211; Enfants\/Ados (de -15 ans): 70 euros (45 minutes environ) Hypnose Premi\u00e8re s\u00e9ance d&rsquo;hypnose : 100 euros (1h30) Consultation de suivi : [&hellip;]<\/p>\n","protected":false},"author":1,"featured_media":0,"parent":0,"menu_order":0,"comment_status":"closed","ping_status":"closed","template":"","meta":{"om_disable_all_campaigns":false,"footnotes":""},"class_list":["post-386","page","type-page","status-publish","hentry"],"aioseo_notices":[],"_links":{"self":[{"href":"https:\/\/www.ateliersophro.com\/index.php\/wp-json\/wp\/v2\/pages\/386","targetHints":{"allow":["GET"]}}],"collection":[{"href":"https:\/\/www.ateliersophro.com\/index.php\/wp-json\/wp\/v2\/pages"}],"about":[{"href":"https:\/\/www.ateliersophro.com\/index.php\/wp-json\/wp\/v2\/types\/page"}],"author":[{"embeddable":true,"href":"https:\/\/www.ateliersophro.com\/index.php\/wp-json\/wp\/v2\/users\/1"}],"replies":[{"embeddable":true,"href":"https:\/\/www.ateliersophro.com\/index.php\/wp-json\/wp\/v2\/comments?post=386"}],"version-history":[{"count":14,"href":"https:\/\/www.ateliersophro.com\/index.php\/wp-json\/wp\/v2\/pages\/386\/revisions"}],"predecessor-version":[{"id":3764,"href":"https:\/\/www.ateliersophro.com\/index.php\/wp-json\/wp\/v2\/pages\/386\/revisions\/3764"}],"wp:attachment":[{"href":"https:\/\/www.ateliersophro.com\/index.php\/wp-json\/wp\/v2\/media?parent=386"}],"curies":[{"name":"wp","href":"https:\/\/api.w.org\/{rel}","templated":true}]}}